{"id":754,"date":"2016-01-19T18:01:28","date_gmt":"2016-01-19T17:01:28","guid":{"rendered":"https:\/\/2016.nuremberg.wordcamp.org\/?page_id=754"},"modified":"2016-02-19T10:57:02","modified_gmt":"2016-02-19T09:57:02","slug":"contributor-day","status":"publish","type":"page","link":"https:\/\/nuremberg.wordcamp.org\/2016\/info\/contributor-day\/","title":{"rendered":"Contributor Day"},"content":{"rendered":"<p>Im Rahmen des WordCamp N\u00fcrnberg veranstalten wir nat\u00fcrlich auch einen Contributor Day.<\/p>\n<p><img loading=\"lazy\" decoding=\"async\" class=\"aligncenter size-full wp-image-1817\" src=\"https:\/\/2016.nuremberg.wordcamp.org\/files\/2016\/01\/header_eventlocation_nuernberg_do_eatery.jpg\" alt=\"header_eventlocation_nuernberg_do_eatery\" width=\"1400\" height=\"500\" srcset=\"https:\/\/nuremberg.wordcamp.org\/2016\/files\/2016\/01\/header_eventlocation_nuernberg_do_eatery.jpg 1400w, https:\/\/nuremberg.wordcamp.org\/2016\/files\/2016\/01\/header_eventlocation_nuernberg_do_eatery-300x107.jpg 300w, https:\/\/nuremberg.wordcamp.org\/2016\/files\/2016\/01\/header_eventlocation_nuernberg_do_eatery-768x274.jpg 768w, https:\/\/nuremberg.wordcamp.org\/2016\/files\/2016\/01\/header_eventlocation_nuernberg_do_eatery-1024x366.jpg 1024w, https:\/\/nuremberg.wordcamp.org\/2016\/files\/2016\/01\/header_eventlocation_nuernberg_do_eatery-500x179.jpg 500w, https:\/\/nuremberg.wordcamp.org\/2016\/files\/2016\/01\/header_eventlocation_nuernberg_do_eatery-624x223.jpg 624w\" sizes=\"auto, (max-width: 1400px) 100vw, 1400px\" \/><\/p>\n<p>Am Montag, 18.4.2016 sind wir ab 9:00 Uhr zu Gast im <a href=\"https:\/\/www.designoffices.de\/standorte\/nuernberg-city\/event-spaces-eventflaechen\/do-eatery\" target=\"_blank\" rel=\"nofollow\">DesignOffice N\u00fcrnberg<\/a>. Die\u00a0DO-Eatery im 5. Stock bietet eine inspirierende Atmosph\u00e4re und einen tollen Ausblick auf das Wahrzeichen von N\u00fcrnberg &#8211; die Kaiserburg. Mit etwas Gl\u00fcck k\u00f6nnen wir bei sch\u00f6nen Wetter auch die Dachterasse nutzen.<\/p>\n<p>Das DesignOffice liegt in unmittelbarer N\u00e4he zum N\u00fcrnberger Hauptbahnhof, so dass auch alle die im Laufe des Tages abreisen m\u00fcssen gerne bis zur letzten Minute fleissig mitarbeiten k\u00f6nnen ;-). Wir beenden den Contributor Day offiziell um 18:00 Uhr.<\/p>\n<p><img loading=\"lazy\" decoding=\"async\" class=\"aligncenter size-full wp-image-1826\" src=\"https:\/\/2016.nuremberg.wordcamp.org\/files\/2016\/01\/lageplan-design-office.jpg\" alt=\"lageplan-design-office\" width=\"934\" height=\"665\" srcset=\"https:\/\/nuremberg.wordcamp.org\/2016\/files\/2016\/01\/lageplan-design-office.jpg 934w, https:\/\/nuremberg.wordcamp.org\/2016\/files\/2016\/01\/lageplan-design-office-300x214.jpg 300w, https:\/\/nuremberg.wordcamp.org\/2016\/files\/2016\/01\/lageplan-design-office-768x547.jpg 768w, https:\/\/nuremberg.wordcamp.org\/2016\/files\/2016\/01\/lageplan-design-office-421x300.jpg 421w, https:\/\/nuremberg.wordcamp.org\/2016\/files\/2016\/01\/lageplan-design-office-624x444.jpg 624w\" sizes=\"auto, (max-width: 934px) 100vw, 934px\" \/><\/p>\n<p><span style=\"font-size: 1rem\"><strong>Design Offices N\u00fcrnberg City<\/strong><br \/>\nK\u00f6nigstorgraben 11<br \/>\n90402 N\u00fcrnberg<\/span><\/p>\n<p><span style=\"font-size: 1rem\">\u00bbZu Gast\u00ab ist in der Tat w\u00f6rtlich zu nehmen. Wir freuen uns sehr, dass das DesignOffice uns die R\u00e4umlichkeiten als <\/span><a style=\"font-size: 1rem\" href=\"https:\/\/2016.nuremberg.wordcamp.org\/sponsor\/design-offices\/\" target=\"_blank\">Sponsor<\/a><span style=\"font-size: 1rem\"> kostenlos zur Verf\u00fcgung stellt. F\u00fcr die Verpflegung sorgen die 90419 Burger Bar und das Lieferamt.<\/span><\/p>\n<p><img loading=\"lazy\" decoding=\"async\" class=\"alignnone wp-image-1818 size-thumbnail\" src=\"https:\/\/2016.nuremberg.wordcamp.org\/files\/2016\/01\/BurgerBar-150x150.jpg\" alt=\"BurgerBar\" width=\"150\" height=\"150\" srcset=\"https:\/\/nuremberg.wordcamp.org\/2016\/files\/2016\/01\/BurgerBar-150x150.jpg 150w, https:\/\/nuremberg.wordcamp.org\/2016\/files\/2016\/01\/BurgerBar-300x300.jpg 300w, https:\/\/nuremberg.wordcamp.org\/2016\/files\/2016\/01\/BurgerBar.jpg 600w\" sizes=\"auto, (max-width: 150px) 100vw, 150px\" \/> <img loading=\"lazy\" decoding=\"async\" class=\"alignnone wp-image-1819 size-thumbnail\" src=\"https:\/\/2016.nuremberg.wordcamp.org\/files\/2016\/01\/Lieferamt-150x150.png\" alt=\"Lieferamt\" width=\"150\" height=\"150\" srcset=\"https:\/\/nuremberg.wordcamp.org\/2016\/files\/2016\/01\/Lieferamt-150x150.png 150w, https:\/\/nuremberg.wordcamp.org\/2016\/files\/2016\/01\/Lieferamt-300x300.png 300w, https:\/\/nuremberg.wordcamp.org\/2016\/files\/2016\/01\/Lieferamt-301x300.png 301w, https:\/\/nuremberg.wordcamp.org\/2016\/files\/2016\/01\/Lieferamt.png 512w\" sizes=\"auto, (max-width: 150px) 100vw, 150px\" \/><\/p>\n","protected":false},"excerpt":{"rendered":"<p>Im Rahmen des WordCamp N\u00fcrnberg veranstalten wir nat\u00fcrlich auch einen Contributor Day. Am Montag, 18.4.2016 sind wir ab 9:00 Uhr zu Gast im DesignOffice N\u00fcrnberg. Die\u00a0DO-Eatery im 5. Stock bietet eine inspirierende Atmosph\u00e4re und einen tollen Ausblick auf das Wahrzeichen von N\u00fcrnberg &#8211; die Kaiserburg. Mit etwas Gl\u00fcck k\u00f6nnen wir bei sch\u00f6nen Wetter auch die [&hellip;]<\/p>\n","protected":false},"author":8858106,"featured_media":1815,"parent":576,"menu_order":15,"comment_status":"closed","ping_status":"closed","template":"","meta":{"_crdt_document":"","jetpack_post_was_ever_published":false,"footnotes":""},"class_list":["post-754","page","type-page","status-publish","has-post-thumbnail","hentry"],"jetpack_sharing_enabled":true,"jetpack_shortlink":"https:\/\/wp.me\/P6uG2s-ca","jetpack_likes_enabled":true,"_links":{"self":[{"href":"https:\/\/nuremberg.wordcamp.org\/2016\/wp-json\/wp\/v2\/pages\/754","targetHints":{"allow":["GET"]}}],"collection":[{"href":"https:\/\/nuremberg.wordcamp.org\/2016\/wp-json\/wp\/v2\/pages"}],"about":[{"href":"https:\/\/nuremberg.wordcamp.org\/2016\/wp-json\/wp\/v2\/types\/page"}],"author":[{"embeddable":true,"href":"https:\/\/nuremberg.wordcamp.org\/2016\/wp-json\/wp\/v2\/users\/8858106"}],"replies":[{"embeddable":true,"href":"https:\/\/nuremberg.wordcamp.org\/2016\/wp-json\/wp\/v2\/comments?post=754"}],"version-history":[{"count":5,"href":"https:\/\/nuremberg.wordcamp.org\/2016\/wp-json\/wp\/v2\/pages\/754\/revisions"}],"predecessor-version":[{"id":1831,"href":"https:\/\/nuremberg.wordcamp.org\/2016\/wp-json\/wp\/v2\/pages\/754\/revisions\/1831"}],"up":[{"embeddable":true,"href":"https:\/\/nuremberg.wordcamp.org\/2016\/wp-json\/wp\/v2\/pages\/576"}],"wp:featuredmedia":[{"embeddable":true,"href":"https:\/\/nuremberg.wordcamp.org\/2016\/wp-json\/wp\/v2\/media\/1815"}],"wp:attachment":[{"href":"https:\/\/nuremberg.wordcamp.org\/2016\/wp-json\/wp\/v2\/media?parent=754"}],"curies":[{"name":"wp","href":"https:\/\/api.w.org\/{rel}","templated":true}]}}