{"id":3178,"date":"2016-04-15T09:43:22","date_gmt":"2016-04-15T07:43:22","guid":{"rendered":"https:\/\/2016.nuremberg.wordcamp.org\/?page_id=3178"},"modified":"2016-04-15T09:43:22","modified_gmt":"2016-04-15T07:43:22","slug":"wapuus","status":"publish","type":"page","link":"https:\/\/nuremberg.wordcamp.org\/2016\/wapuus\/","title":{"rendered":"Wapuus"},"content":{"rendered":"<p>Dies sind unsere fleissigen Mitarbeiter.<\/p>\n<p>N\u00fcrnberg bietet viel, doch bei allen die wir gefragt haben war die erste Assoziation &#8222;Die Burg&#8220;. Viele von uns sind noch aufgewachsen mit dem TV-Spot &#8222;Sicherheit im Zeichen der Burg&#8220;.<\/p>\n<p>Daher ist es naheliegend das unsere Wapuus Burgbewohner sind.<\/p>\n<p><img loading=\"lazy\" decoding=\"async\" class=\"alignnone size-full wp-image-3185\" src=\"https:\/\/2016.nuremberg.wordcamp.org\/files\/2016\/04\/mrs-nuremberg-wapuu.png\" alt=\"mrs-nuremberg-wapuu\" width=\"263\" height=\"272\" \/>\u00a0<img loading=\"lazy\" decoding=\"async\" class=\"alignnone size-full wp-image-3184\" src=\"https:\/\/2016.nuremberg.wordcamp.org\/files\/2016\/04\/mr-nuremberg-wapuu.png\" alt=\"mr-nuremberg-wapuu\" width=\"184\" height=\"267\" \/><\/p>\n<p>&nbsp;<\/p>\n<p>Aber wie das auf Burgen so ist, es bedarf einer Menge an Personal. Darum habe wir unseren beiden Wapuus noch einige Helfer zur Seite gestellt.<\/p>\n<p><img loading=\"lazy\" decoding=\"async\" class=\"alignnone size-medium wp-image-3183\" src=\"https:\/\/2016.nuremberg.wordcamp.org\/files\/2016\/04\/catering-wapuu-189x300.png\" alt=\"catering-wapuu\" width=\"189\" height=\"300\" srcset=\"https:\/\/nuremberg.wordcamp.org\/2016\/files\/2016\/04\/catering-wapuu-189x300.png 189w, https:\/\/nuremberg.wordcamp.org\/2016\/files\/2016\/04\/catering-wapuu.png 193w\" sizes=\"auto, (max-width: 189px) 100vw, 189px\" \/><\/p>\n<p>Unser Chefkoch Wapuu kennzeichnet den Cateringbereich auf dem WordCamp, er sorgt f\u00fcr das leibliche Wohlergehen. Ganz &#8222;N\u00e4rmbercher&#8220; serviert er &#8222;Drei im Weckla&#8220;.<\/p>\n<p><img loading=\"lazy\" decoding=\"async\" class=\"alignnone size-full wp-image-3182\" src=\"https:\/\/2016.nuremberg.wordcamp.org\/files\/2016\/04\/duerer-wapuu.png\" alt=\"duerer-wapuu\" width=\"300\" height=\"300\" srcset=\"https:\/\/nuremberg.wordcamp.org\/2016\/files\/2016\/04\/duerer-wapuu.png 300w, https:\/\/nuremberg.wordcamp.org\/2016\/files\/2016\/04\/duerer-wapuu-150x150.png 150w\" sizes=\"auto, (max-width: 300px) 100vw, 300px\" \/><\/p>\n<p>Der D\u00fcrer Wapuu ist der kreative Teil des Teams, und daher f\u00fcr den ContributorDay zust\u00e4ndig.<\/p>\n<p>Und um unseren Speakern einen HInweis zu geben wie sie in der Zeit liegen bei ihrer Session haben wir die Hilfe dieser Kollegen<\/p>\n<div id=\"attachment_3181\" style=\"width: 259px\" class=\"wp-caption alignnone\"><img loading=\"lazy\" decoding=\"async\" aria-describedby=\"caption-attachment-3181\" class=\"wp-image-3181 size-full\" src=\"https:\/\/2016.nuremberg.wordcamp.org\/files\/2016\/04\/speaker-10min-wapuu.png\" alt=\"speaker-10min-wapuu\" width=\"249\" height=\"269\" \/><p id=\"caption-attachment-3181\" class=\"wp-caption-text\">Noch 10 Minuten<\/p><\/div>\n<div id=\"attachment_3180\" style=\"width: 262px\" class=\"wp-caption alignnone\"><img loading=\"lazy\" decoding=\"async\" aria-describedby=\"caption-attachment-3180\" class=\"wp-image-3180 size-full\" src=\"https:\/\/2016.nuremberg.wordcamp.org\/files\/2016\/04\/speaker-5min-wapuu.png\" alt=\"speaker-5min-wapuu\" width=\"252\" height=\"270\" \/><p id=\"caption-attachment-3180\" class=\"wp-caption-text\">Noch 5 Minuten<\/p><\/div>\n<div id=\"attachment_3179\" style=\"width: 284px\" class=\"wp-caption alignnone\"><img loading=\"lazy\" decoding=\"async\" aria-describedby=\"caption-attachment-3179\" class=\"wp-image-3179 size-full\" src=\"https:\/\/2016.nuremberg.wordcamp.org\/files\/2016\/04\/speaker-stop-wapuu.png\" alt=\"speaker-stop-wapuu\" width=\"274\" height=\"262\" \/><p id=\"caption-attachment-3179\" class=\"wp-caption-text\">Sessionende<\/p><\/div>\n<p>&nbsp;<\/p>\n","protected":false},"excerpt":{"rendered":"<p>Dies sind unsere fleissigen Mitarbeiter. N\u00fcrnberg bietet viel, doch bei allen die wir gefragt haben war die erste Assoziation &#8222;Die Burg&#8220;. Viele von uns sind noch aufgewachsen mit dem TV-Spot &#8222;Sicherheit im Zeichen der Burg&#8220;. Daher ist es naheliegend das unsere Wapuus Burgbewohner sind. \u00a0 &nbsp; Aber wie das auf Burgen so ist, es bedarf [&hellip;]<\/p>\n","protected":false},"author":7406396,"featured_media":0,"parent":0,"menu_order":0,"comment_status":"closed","ping_status":"closed","template":"","meta":{"_crdt_document":"","jetpack_post_was_ever_published":false,"footnotes":""},"class_list":["post-3178","page","type-page","status-publish","hentry"],"jetpack_sharing_enabled":true,"jetpack_shortlink":"https:\/\/wp.me\/P6uG2s-Pg","jetpack_likes_enabled":true,"_links":{"self":[{"href":"https:\/\/nuremberg.wordcamp.org\/2016\/wp-json\/wp\/v2\/pages\/3178","targetHints":{"allow":["GET"]}}],"collection":[{"href":"https:\/\/nuremberg.wordcamp.org\/2016\/wp-json\/wp\/v2\/pages"}],"about":[{"href":"https:\/\/nuremberg.wordcamp.org\/2016\/wp-json\/wp\/v2\/types\/page"}],"author":[{"embeddable":true,"href":"https:\/\/nuremberg.wordcamp.org\/2016\/wp-json\/wp\/v2\/users\/7406396"}],"replies":[{"embeddable":true,"href":"https:\/\/nuremberg.wordcamp.org\/2016\/wp-json\/wp\/v2\/comments?post=3178"}],"version-history":[{"count":5,"href":"https:\/\/nuremberg.wordcamp.org\/2016\/wp-json\/wp\/v2\/pages\/3178\/revisions"}],"predecessor-version":[{"id":3191,"href":"https:\/\/nuremberg.wordcamp.org\/2016\/wp-json\/wp\/v2\/pages\/3178\/revisions\/3191"}],"wp:attachment":[{"href":"https:\/\/nuremberg.wordcamp.org\/2016\/wp-json\/wp\/v2\/media?parent=3178"}],"curies":[{"name":"wp","href":"https:\/\/api.w.org\/{rel}","templated":true}]}}