{"id":2481,"date":"2016-03-05T11:28:04","date_gmt":"2016-03-05T10:28:04","guid":{"rendered":"https:\/\/2016.nuremberg.wordcamp.org\/?page_id=2481"},"modified":"2016-03-05T11:41:36","modified_gmt":"2016-03-05T10:41:36","slug":"warmup-party","status":"publish","type":"page","link":"https:\/\/nuremberg.wordcamp.org\/2016\/info\/warmup-party\/","title":{"rendered":"WarmUp Party"},"content":{"rendered":"<p>F\u00fcr alle die schon am Freitag anreisen (oder vielleicht sogar noch fr\u00fcher um die eine oder andere <a href=\"http:\/\/nueww.de\/programm\/\" rel=\"nofollow\">Veranstaltung der N\u00fcrnberg WebWeek<\/a> zu besuchen) gibt es am Freitagabend ein kleine WarmUp Party.<\/p>\n<p style=\"text-align: center\"><a href=\"http:\/\/www.bratwurst-roeslein.de\/de\/\" target=\"_blank\"><img loading=\"lazy\" decoding=\"async\" class=\"aligncenter size-full wp-image-2483\" src=\"https:\/\/2016.nuremberg.wordcamp.org\/files\/2016\/03\/logo-roeslein.png\" alt=\"logo-roeslein\" width=\"429\" height=\"125\" srcset=\"https:\/\/nuremberg.wordcamp.org\/2016\/files\/2016\/03\/logo-roeslein.png 429w, https:\/\/nuremberg.wordcamp.org\/2016\/files\/2016\/03\/logo-roeslein-300x87.png 300w\" sizes=\"auto, (max-width: 429px) 100vw, 429px\" \/><\/a>Wir treffen uns ab <strong>19:00 Uhr<\/strong> im Traditionsgasthaus \u00bb<a href=\"http:\/\/www.bratwurst-roeslein.de\/de\/\">Bratwurst R\u00f6slein<\/a>\u00ab am\u00a0Rathausplatz 6,\u00a0\u00a090402 N\u00fcrnberg.<img loading=\"lazy\" decoding=\"async\" class=\"aligncenter size-full wp-image-2482\" src=\"https:\/\/2016.nuremberg.wordcamp.org\/files\/2016\/03\/roeslein.jpeg\" alt=\"roeslein\" width=\"1920\" height=\"1080\" srcset=\"https:\/\/nuremberg.wordcamp.org\/2016\/files\/2016\/03\/roeslein.jpeg 1920w, https:\/\/nuremberg.wordcamp.org\/2016\/files\/2016\/03\/roeslein-300x169.jpeg 300w, https:\/\/nuremberg.wordcamp.org\/2016\/files\/2016\/03\/roeslein-768x432.jpeg 768w, https:\/\/nuremberg.wordcamp.org\/2016\/files\/2016\/03\/roeslein-1024x576.jpeg 1024w, https:\/\/nuremberg.wordcamp.org\/2016\/files\/2016\/03\/roeslein-500x281.jpeg 500w, https:\/\/nuremberg.wordcamp.org\/2016\/files\/2016\/03\/roeslein-624x351.jpeg 624w\" sizes=\"auto, (max-width: 1920px) 100vw, 1920px\" \/> <strong>Die Warmup Party ist nicht Bestandteil des WordCamp-Tickets.<\/strong><br \/>\nDer Verzehr des Abends ist individuell zu zahlen!<\/p>\n<p style=\"text-align: center\"><img loading=\"lazy\" decoding=\"async\" class=\"aligncenter size-full wp-image-2486\" src=\"https:\/\/2016.nuremberg.wordcamp.org\/files\/2016\/03\/lage-roeslein.jpg\" alt=\"lage-roeslein\" width=\"795\" height=\"659\" srcset=\"https:\/\/nuremberg.wordcamp.org\/2016\/files\/2016\/03\/lage-roeslein.jpg 795w, https:\/\/nuremberg.wordcamp.org\/2016\/files\/2016\/03\/lage-roeslein-300x249.jpg 300w, https:\/\/nuremberg.wordcamp.org\/2016\/files\/2016\/03\/lage-roeslein-768x637.jpg 768w, https:\/\/nuremberg.wordcamp.org\/2016\/files\/2016\/03\/lage-roeslein-362x300.jpg 362w, https:\/\/nuremberg.wordcamp.org\/2016\/files\/2016\/03\/lage-roeslein-624x517.jpg 624w\" sizes=\"auto, (max-width: 795px) 100vw, 795px\" \/><\/p>\n","protected":false},"excerpt":{"rendered":"<p>F\u00fcr alle die schon am Freitag anreisen (oder vielleicht sogar noch fr\u00fcher um die eine oder andere Veranstaltung der N\u00fcrnberg WebWeek zu besuchen) gibt es am Freitagabend ein kleine WarmUp Party. Wir treffen uns ab 19:00 Uhr im Traditionsgasthaus \u00bbBratwurst R\u00f6slein\u00ab am\u00a0Rathausplatz 6,\u00a0\u00a090402 N\u00fcrnberg. Die Warmup Party ist nicht Bestandteil des WordCamp-Tickets. Der Verzehr des [&hellip;]<\/p>\n","protected":false},"author":8858106,"featured_media":0,"parent":576,"menu_order":0,"comment_status":"closed","ping_status":"closed","template":"","meta":{"_crdt_document":"","jetpack_post_was_ever_published":false,"footnotes":""},"class_list":["post-2481","page","type-page","status-publish","hentry"],"jetpack_sharing_enabled":true,"jetpack_shortlink":"https:\/\/wp.me\/P6uG2s-E1","jetpack_likes_enabled":true,"_links":{"self":[{"href":"https:\/\/nuremberg.wordcamp.org\/2016\/wp-json\/wp\/v2\/pages\/2481","targetHints":{"allow":["GET"]}}],"collection":[{"href":"https:\/\/nuremberg.wordcamp.org\/2016\/wp-json\/wp\/v2\/pages"}],"about":[{"href":"https:\/\/nuremberg.wordcamp.org\/2016\/wp-json\/wp\/v2\/types\/page"}],"author":[{"embeddable":true,"href":"https:\/\/nuremberg.wordcamp.org\/2016\/wp-json\/wp\/v2\/users\/8858106"}],"replies":[{"embeddable":true,"href":"https:\/\/nuremberg.wordcamp.org\/2016\/wp-json\/wp\/v2\/comments?post=2481"}],"version-history":[{"count":2,"href":"https:\/\/nuremberg.wordcamp.org\/2016\/wp-json\/wp\/v2\/pages\/2481\/revisions"}],"predecessor-version":[{"id":2487,"href":"https:\/\/nuremberg.wordcamp.org\/2016\/wp-json\/wp\/v2\/pages\/2481\/revisions\/2487"}],"up":[{"embeddable":true,"href":"https:\/\/nuremberg.wordcamp.org\/2016\/wp-json\/wp\/v2\/pages\/576"}],"wp:attachment":[{"href":"https:\/\/nuremberg.wordcamp.org\/2016\/wp-json\/wp\/v2\/media?parent=2481"}],"curies":[{"name":"wp","href":"https:\/\/api.w.org\/{rel}","templated":true}]}}